110111022000
In base 2, what is 1100101001111000011 + -10110011?
1100101001100010000
In base 12, what is 120 + 10ba?
121a
In base 12, what is 8a141 - -5?
8a146
In base 8, what is -3731020 + 515?
-3730303
In base 2, what is 101000110101001101001001 - 1110?
101000110101001100111011
In base 6, what is -313044140 + 30?
-313044110
In base 13, what is -209 + -336716?
-336922
In base 7, what is 0 + -1345532254?
-1345532254
In base 7, what is -311344525 + 6?
-311344516
In base 13, what is 25a617a - -22?
25a619c
In base 12, what is 31008 - -153?
3115b
In base 13, what is 1178 - 166a?
-4c2
In base 4, what is 303230 - 3013?
300211
In base 8, what is 670 + 104?
774
In base 10, what is -279016 + 77?
-278939
In base 2, what is -1001111000 - -11010011001011?
11001001010011
In base 15, what is 3e8 + d693?
da8b
In base 14, what is -d - 29203?
-29212
In base 14, what is 2a + -298738?
-29870c
In base 7, what is -14 - -5426120?
5426103
In base 8, what is 600647 - 566?
600061
In base 13, what is -5 - -3248382?
324837a
In base 3, what is 12 - -11112022021111?
11112022021200
In base 9, what is 10227644 - 21?
10227623
In base 15, what is 20c48 - -3c?
20c85
In base 14, what is -465 - 2d5c?
-33c3
In base 5, what is 12224002344 - 223?
12224002121
In base 16, what is 48bc4b + e?
48bc59
In base 16, what is c91 - -3c9?
105a
In base 2, what is 1 + 100001010101100000?
100001010101100001
In base 4, what is -10 - 203031101120?
-203031101130
In base 4, what is 13230333 - -2113?
13233112
In base 16, what is -98 + 180c?
1774
In base 6, what is -2010514 + -442?
-2011400
In base 3, what is -10 + -102211201021222?
-102211201022002
In base 4, what is 1121222321 - -311?
1121223232
In base 6, what is 10 - 130214405?
-130214355
In base 10, what is 214203 + -11?
214192
In base 13, what is 612 + -27935?
-27323
In base 12, what is 18443 + 138?
1857b
In base 2, what is 11101001100001 + -1010100?
11101000001101
In base 12, what is -11020678 - 11?
-11020689
In base 13, what is -11a + -20420?
-2053a
In base 13, what is 10c5 + 65ab?
76a3
In base 14, what is 5 + 218382d?
2183834
In base 6, what is 232303025 + 133?
232303202
In base 10, what is 93401504 - -2?
93401506
In base 3, what is -2022101 - -22201122?
20102021
In base 16, what is 47 - -9e797a?
9e79c1
In base 3, what is -110012221 + 12111021?
-20201200
In base 11, what is -30312 - 474?
-30786
In base 14, what is -4a + 10663d?
1065d3
In base 15, what is 12d7c49 + 1?
12d7c4a
In base 5, what is 110214041 - 12013?
110202023
In base 11, what is 111923 + -61?
111872
In base 15, what is -22 - 17255c?
-17257e
In base 13, what is 3 - -4450ac?
4450b2
In base 7, what is -1156404 + -234?
-1156641
In base 6, what is -4 + 535130?
535122
In base 3, what is -1022 + -1222001200?
-1222002222
In base 12, what is -11b1a49 - -32?
-11b1a17
In base 3, what is 1112 - 12121021022211?
-12121021021022
In base 13, what is -78 + cb9861?
cb97b6
In base 12, what is a40517 - -7?
a40522
In base 8, what is -2 + -5155450?
-5155452
In base 7, what is -11004 - -5224?
-2450
In base 2, what is -100 - -100010010101110010111010?
100010010101110010110110
In base 7, what is 22624 + 1463?
24420
In base 2, what is -10010111011 + 11110100011000001000?
11110100000101001101
In base 10, what is 352 - -138947?
139299
In base 4, what is 12311323011 - 32?
12311322313
In base 12, what is 3 - 126b361?
-126b35a
In base 5, what is -1442 + -1023110?
-1030102
In base 13, what is 75192 + -1884?
7360b
In base 3, what is 201121 - 102010000?
-101101102
In base 13, what is -2 - -496ba8?
496ba6
In base 8, what is -3 - -1276413426?
1276413423
In base 7, what is -2 - -2401424566?
2401424564
In base 14, what is -5388d + -398?
-53c47
In base 7, what is 15 - -13022106?
13022124
In base 9, what is 7522 - -676?
8308
In base 8, what is -2 + -331127723?
-331127725
In base 15, what is 292 - 5844?
-55a2
In base 13, what is -5 - -28183?
2817b
In base 5, what is -343401 - 2030032?
-2423433
In base 8, what is -1 + -6530607?
-6530610
In base 11, what is 27827 + -538a?
22448
In base 3, what is 201102210 + -100222221?
100102212
In base 8, what is -420733 + 12634?
-406077
In base 8, what is 0 - 360347731?
-360347731
In base 16, what is 160e7 + -988?
1575f
In base 11, what is 45 + -123031a?
-1230285
In base 8, what is -57244440 + 1?
-57244437
In base 12, what is 28b + 201?
490
In base 12, what is -107 - -71224?
71119
In base 16, what is -2 - -3d367c?
3d367a
In base 6, what is -1 - -552144554?
552144553
In base 3, what is 110 + -10010021222012?
-10010021221202
In base 15, what is -613 - 10bc6?
-112d9
In base 15, what is 7beeda + -6?
7beed4
In base 8, what is 3214 - 65636?
-62422
In base 16, what is -164c8f + 77?
-164c18
In base 16, what is 6db2 - -88?
6e3a
In base 13, what is 2 - -2b57838?
2b5783a
In base 11, what is 1 - -4174960?
4174961
In base 10, what is -14 + -4398466?
-4398480
In base 15, what is 0 - 1a938a?
-1a938a
In base 2, what is 10100011001000001110001010110 + 100?
10100011001000001110001011010
In base 11, what is -a594556 + -10?
-a594566
In base 15, what is -dd + -25316?
-25404
In base 6, what is 4 - 3332244031?
-3332244023
In base 7, what is 3656110 - -44?
3656154
In base 7, what is 43 + -15646441?
-15646365
In base 4, what is 10133230 + 1002113?
11202003
In base 12, what is 4 - 2564438?
-2564434
In base 4, what is 21000203222 - 3210?
21000200012
In base 12, what is -16124 - -7ab?
-15535
In base 3, what is -21 - 1212221210012201?
-1212221210012222
In base 7, what is -1006 - 3305356?
-3306365
In base 3, what is 22111212 - 1010012202?
-210200220
In base 3, what is -111 + -200200112200?
-200200120011
In base 4, what is 1003 - -3102312232?
3102313301
In base 13, what is -4 + 261a18c?
261a188
In base 9, what is -13380153 - 1?
-13380154
In base 2, what is -101101010000101011 - -100000101100?
-101100101111111111
In base 13, what is 333 + -292930?
-2925ca
In base 5, what is 110024424441 - 23?
110024424413
In base 16, what is -8becf4 - -1?
-8becf3
In base 3, what is 100 - -1221120102?
1221120202
In base 3, what is 11202002 + 2211002?
21120011
In base 13, what is -27 - -54840?
54816
In base 14, what is 4 + 90ba9ad?
90ba9b3
In base 13, what is -7 - 542599?
-5425a3
In base 12, what is 36b69355 - 0?
36b69355
In base 4, what is 30 - 11323203021?
-11323202331
In base 6, what is 1031510254 + 11?
1031510305
In base 11, what is 0 + 429902?
429902
In base 13, what is 5 - 74b3a7?
-74b3a2
In base 2, what is -101101010101100001 - 100011001?
-101101011001111010
In base 5, what is 333331 + -40300?
243031
In base 8, what is 35 + -6423052?
-6423015
In base 15, what is 1924 + -620?
1304
In base 8, what is -5501106 + -14?
-5501122
In base 5, what is 2323232341 + -3?
2323232333
In base 9, what is -60752540 - 1?
-60752541
In base 14, what is 777 - -10573?
10d0a
In base 16, what is -12d - -c148?
c01b
In base 7, what is 5 + -112632646?
-112632641
In base 10, what is 492 - -6153?
6645
In base 10, what is -4 + -80814077?
-80814081
In base 13, what is 3 + -80306a?
-803067
In base 16, what is 150d - 367?
11a6
In base 5, what is 340212 + 3240?
344002
In base 10, what is -1330 + -4445?
-5775
In base 4, what is -10 + -22213011101011?
-22213011101021
In base 14, what is -1637 - 279?
-18b2
In base 5, what is -13344 + 120434?
102040
In base 7, what is 201 - -16562231?
16562432
In base 7, what is 14 + 203033201?
203033215
In base 3, what is 111020211220 - 2112?
111020202101
In base 15, what is 32a + 9c0?
cea
In base 14, what is 0 - 2d0bcacc?
-2d0bcacc
In base 4, what is 10130133 - -3?
10130202
In base 15, what is 0 + 4ac1c7a?
4ac1c7a
In base 3, what is -1001112110 + 20002020?
-211110020
In base 9, what is 3780316 + -25?
3780281
In base 7, what is -22613 - -163012?
140066
In base 2, what is -110100001010 - 11011110101?
-1001111111111
In base 9, what is -2853820 - 50?
-2853870
In base 7, what is -461314 - 14?
-461331
In base 3, what is -1222112021020 + -210?
-1222112022000
In base 2, what is 100 + 1011001000111000010101011?
1011001000111000010101111
In base 10, what is 297 + 47166?
47463
In base 10, what is 760476 + 21?
760497
In base 7, what is 40 + -41660604?
-41660534
In base 14, what is -1b1d3 - -1167?
-1a06a
In base 3, what is 11212012012 + 2121?
11212021210
In base 14, what is -124 - -33d74d?
33d629
In base 9, what is -212 - 66283?
-66505
In 